{"id":13262,"date":"2024-03-30T15:25:45","date_gmt":"2024-03-30T14:25:45","guid":{"rendered":"https:\/\/jmkarting.com\/liege\/?page_id=13262"},"modified":"2026-02-13T16:54:06","modified_gmt":"2026-02-13T15:54:06","slug":"jmkids-liege-stage-aout-2026","status":"publish","type":"page","link":"https:\/\/jmkarting.com\/liege\/jmkids-liege-stage-aout-2026\/","title":{"rendered":"JMKids LIEGE Stage Ao\u00fbt 2026"},"content":{"rendered":"<p><span style=\"color: #ff490d;\"><strong>JMKids LIEGE<\/strong><\/span> &#8211; Stage organis\u00e9 du lundi 10 au mercredi 12 ao\u00fbt 2026<\/p>\n<p><strong>Programme<\/strong><\/p>\n<p><u><\/u>Cours de pilotage th\u00e9oriques et pratiques<br \/>\nContr\u00f4le et ma\u00eetrise d\u2019un kart<br \/>\nM\u00e9canique de base 4-temps et 2-temps \/ Set-up du kart<br \/>\nApprentissage des r\u00e8glements<\/p>\n<p><strong>Informations pratiques<\/strong><\/p>\n<p><u><\/u>8h45 : Accueil des kids (9h00 D\u00e9but des cours)<br \/>\n12h00 : Pause \u00ab Repas \u00bb &gt; Les kids doivent apporter leur pique-nique !<br \/>\n15h15 : Go\u00fbter offert par JMK<br \/>\n16h45 : Fin des activit\u00e9s<\/p>\n<p>Nous demandons aux parents de ne pas se pr\u00e9senter pendant les heures de stage dans notre \u00e9tablissement (celui-ci sera accessible \u00e0 partir de 16h35).<br \/>\nNous invitons les parents, la famille et les amis \u00e0 assister \u00e0 l\u2019\u00e9v\u00e9nement qui cl\u00f4turera le stage le mercredi apr\u00e8s-midi (\u00e0 partir de 13h45).<\/p>\n<p><strong>Inscription \/ Tarif<\/strong><\/p>\n<p>1) Bulletin d\u2019inscription \u00e0\u00a0 compl\u00e9ter par le(s) parent(s) : Voir ci-dessous.<br \/>\n2) Virement de 204,00 EUR \u00e0 verser sur notre compte bancaire.<br \/>\nJMK LIEGE : BE50 0014 2317 6118 \u2013 Veuillez indiquer la mention suivante : \u00ab\u00a0Nom du pilote\u00a0\u00bb + Stage Ao\u00fbt 2026<\/p>\n<p>Inscription + Paiement = Participation valid\u00e9e.<br \/>\nPaiement indispensable pour confirmer la participation. Paiement unique (pas de paiement fractionn\u00e9).<\/p>\n<p><strong>Remarques<\/strong><\/p>\n<p><u><\/u>Nombre maximum de participants au stage\u00a0: 25 enfants.<\/p>\n<p>La participation \u00e0 un stage est conseill\u00e9e \u00e0 partir de 8 ans (et donc d\u00e9conseill\u00e9e pour les 6 et 7 ans). Il est conseill\u00e9 de venir d&rsquo;abord essayer le karting un dimanche matin, pendant les horaires propres \u00e0 <strong>JMKids<\/strong>. Nous d\u00e9conseillons d&rsquo;inscrire un jeune sans qu&rsquo;il soit, au pr\u00e9alable, venu au moins 3 ou 4 fois essayer ce sport le dimanche matin.<\/p>\n<hr \/>\n<p><strong>Inscription<\/strong><\/p>\n<div class=\"frm_forms  with_frm_style frm_style_style-formidable-2\" id=\"frm_form_36_container\" >\n<form enctype=\"multipart\/form-data\" method=\"post\" class=\"frm-show-form \" id=\"form_oiyikc2224\"  >\n<div class=\"frm_form_fields \">\n<fieldset>\n\r\n<div class=\"frm_fields_container\">\n<input type=\"hidden\" name=\"frm_action\" value=\"create\" \/>\n<input type=\"hidden\" name=\"form_id\" value=\"36\" \/>\n<input type=\"hidden\" name=\"frm_hide_fields_36\" id=\"frm_hide_fields_36\" value=\"\" \/>\n<input type=\"hidden\" name=\"form_key\" value=\"oiyikc2224\" \/>\n<input type=\"hidden\" name=\"item_meta[0]\" value=\"\" \/>\n<input type=\"hidden\" id=\"frm_submit_entry_36\" name=\"frm_submit_entry_36\" value=\"fa517bc2a6\" \/><input type=\"hidden\" name=\"_wp_http_referer\" value=\"\/liege\/wp-json\/wp\/v2\/pages\/13262\" \/><h3>P\u00e8re \/ M\u00e8re \/ Responsable L\u00e9gal<\/h3>\r\n<div id=\"frm_field_385_container\" class=\"frm_form_field form-field  frm_required_field frm_top_container\">\r\n    <label for=\"field_9wx1go34\" class=\"frm_primary_label\">Nom\r\n        <span class=\"frm_required\">*<\/span>\r\n    <\/label>\r\n    <input type=\"text\" id=\"field_9wx1go34\" name=\"item_meta[385]\" value=\"\"  data-reqmsg=\"Indiquez votre nom\" aria-required=\"true\" data-invmsg=\"Nom est non valide\" aria-invalid=\"false\"  \/>\r\n    \r\n    \r\n<\/div>\n<div id=\"frm_field_386_container\" class=\"frm_form_field form-field  frm_required_field frm_top_container\">\r\n    <label for=\"field_w8w8y34\" class=\"frm_primary_label\">Pr\u00e9nom\r\n        <span class=\"frm_required\">*<\/span>\r\n    <\/label>\r\n    <input type=\"text\" id=\"field_w8w8y34\" name=\"item_meta[386]\" value=\"\"  data-reqmsg=\"Indiquez votre pr\u00e9nom\" aria-required=\"true\" data-invmsg=\"Pr\u00e9nom est non valide\" aria-invalid=\"false\"  \/>\r\n    \r\n    \r\n<\/div>\n<div id=\"frm_field_387_container\" class=\"frm_form_field form-field  frm_required_field frm_top_container\">\r\n    <label for=\"field_welomw34\" class=\"frm_primary_label\">Adresse compl\u00e8te\r\n        <span class=\"frm_required\">*<\/span>\r\n    <\/label>\r\n    <input type=\"text\" id=\"field_welomw34\" name=\"item_meta[387]\" value=\"\"  data-reqmsg=\"Indiquez votre num de t\u00e9l\u00e9phone\" aria-required=\"true\" data-invmsg=\"Adresse compl\u00e8te est non valide\" aria-invalid=\"false\"  \/>\r\n    \r\n    \r\n<\/div>\n<div id=\"frm_field_388_container\" class=\"frm_form_field form-field  frm_top_container\">\r\n    <label for=\"field_nc843d4\" class=\"frm_primary_label\">T\u00e9l.\r\n        <span class=\"frm_required\"><\/span>\r\n    <\/label>\r\n    <input type=\"text\" id=\"field_nc843d4\" name=\"item_meta[388]\" value=\"\"  data-invmsg=\"T\u00e9l. est non valide\" aria-invalid=\"false\"  \/>\r\n    \r\n    \r\n<\/div>\n<div id=\"frm_field_389_container\" class=\"frm_form_field form-field  frm_required_field frm_top_container\">\r\n    <label for=\"field_l28y6r34\" class=\"frm_primary_label\">E-mail\r\n        <span class=\"frm_required\">*<\/span>\r\n    <\/label>\r\n    <input type=\"text\" id=\"field_l28y6r34\" name=\"item_meta[389]\" value=\"\"  data-reqmsg=\"Indiquez votre e-mail\" aria-required=\"true\" data-invmsg=\"E-mail est non valide\" aria-invalid=\"false\"  \/>\r\n    \r\n    \r\n<\/div>\n<h3>Personne(s) \u00e0 pr\u00e9venir en cas de n\u00e9cessit\u00e9<\/h3>\r\n<div id=\"frm_field_390_container\" class=\"frm_form_field form-field  frm_required_field frm_top_container\">\r\n    <label for=\"field_rj9on034\" class=\"frm_primary_label\">Nom et pr\u00e9nom\r\n        <span class=\"frm_required\">*<\/span>\r\n    <\/label>\r\n    <input type=\"text\" id=\"field_rj9on034\" name=\"item_meta[390]\" value=\"\"  data-reqmsg=\"Ce champs ne peut pas \u00eatre vide !\" aria-required=\"true\" data-invmsg=\"Nom et pr\u00e9nom est non valide\" aria-invalid=\"false\"  \/>\r\n    \r\n    \r\n<\/div>\n<div id=\"frm_field_391_container\" class=\"frm_form_field form-field  frm_required_field frm_top_container\">\r\n    <label for=\"field_bk4eki4\" class=\"frm_primary_label\">T\u00e9l.\r\n        <span class=\"frm_required\">*<\/span>\r\n    <\/label>\r\n    <input type=\"text\" id=\"field_bk4eki4\" name=\"item_meta[391]\" value=\"\"  data-reqmsg=\"Ce champs ne peut pas \u00eatre vide !\" aria-required=\"true\" data-invmsg=\"T\u00e9l. est non valide\" aria-invalid=\"false\"  \/>\r\n    \r\n    \r\n<\/div>\n<div id=\"frm_field_392_container\" class=\"frm_form_field form-field  frm_required_field frm_top_container\">\r\n    <label for=\"field_w4g5ki4\" class=\"frm_primary_label\">Nom et pr\u00e9nom\r\n        <span class=\"frm_required\">*<\/span>\r\n    <\/label>\r\n    <input type=\"text\" id=\"field_w4g5ki4\" name=\"item_meta[392]\" value=\"\"  data-reqmsg=\"Ce champs ne peut pas \u00eatre vide !\" aria-required=\"true\" data-invmsg=\"Nom et pr\u00e9nom est non valide\" aria-invalid=\"false\"  \/>\r\n    \r\n    \r\n<\/div>\n<div id=\"frm_field_393_container\" class=\"frm_form_field form-field  frm_required_field frm_top_container\">\r\n    <label for=\"field_z5bku4\" class=\"frm_primary_label\">T\u00e9l.\r\n        <span class=\"frm_required\">*<\/span>\r\n    <\/label>\r\n    <input type=\"text\" id=\"field_z5bku4\" name=\"item_meta[393]\" value=\"\"  data-reqmsg=\"Ce champs ne peut pas \u00eatre vide !\" aria-required=\"true\" data-invmsg=\"T\u00e9l. est non valide\" aria-invalid=\"false\"  \/>\r\n    \r\n    \r\n<\/div>\n<h3>Pilote participant au stage<\/h3>\r\n<div id=\"frm_field_394_container\" class=\"frm_form_field form-field  frm_required_field frm_top_container\">\r\n    <label for=\"field_d8yi974\" class=\"frm_primary_label\">Nom\r\n        <span class=\"frm_required\">*<\/span>\r\n    <\/label>\r\n    <input type=\"text\" id=\"field_d8yi974\" name=\"item_meta[394]\" value=\"\"  data-reqmsg=\"Ce champs ne peut pas \u00eatre vide !\" aria-required=\"true\" data-invmsg=\"Nom est non valide\" aria-invalid=\"false\"  \/>\r\n    \r\n    \r\n<\/div>\n<div id=\"frm_field_395_container\" class=\"frm_form_field form-field  frm_required_field frm_top_container\">\r\n    <label for=\"field_zpb8o04\" class=\"frm_primary_label\">Pr\u00e9nom\r\n        <span class=\"frm_required\">*<\/span>\r\n    <\/label>\r\n    <input type=\"text\" id=\"field_zpb8o04\" name=\"item_meta[395]\" value=\"\"  data-reqmsg=\"Ce champs ne peut pas \u00eatre vide !\" aria-required=\"true\" data-invmsg=\"Pr\u00e9nom est non valide\" aria-invalid=\"false\"  \/>\r\n    \r\n    \r\n<\/div>\n<div id=\"frm_field_396_container\" class=\"frm_form_field form-field  frm_required_field frm_top_container\">\r\n    <label for=\"field_3q37w44\" class=\"frm_primary_label\">Date de naissance\r\n        <span class=\"frm_required\">*<\/span>\r\n    <\/label>\r\n    <input type=\"text\" id=\"field_3q37w44\" name=\"item_meta[396]\" value=\"\"  data-reqmsg=\"Ce champs ne peut pas \u00eatre vide !\" aria-required=\"true\" data-invmsg=\"Date de naissance est non valide\" aria-invalid=\"false\"  \/>\r\n    \r\n    \r\n<\/div>\n<div id=\"frm_field_397_container\" class=\"frm_form_field form-field  frm_top_container\">\r\n<p>Le pilote est-il sujet \u00e0 des allergies ? Doit-il prendre des m\u00e9dicaments ? Veuillez indiquer ci-dessous les \u00e9ventuelles remarques concernant le jeune pilote :<\/p>\r\n    <label for=\"field_mss5sb34\" class=\"frm_primary_label\">Commentaire\r\n        <span class=\"frm_required\"><\/span>\r\n    <\/label>\r\n    <textarea name=\"item_meta[397]\" id=\"field_mss5sb34\" rows=\"5\"  data-invmsg=\"Commentaire est non valide\" aria-invalid=\"false\"  ><\/textarea>\r\n    \r\n    \r\n<\/div>\n\t<input type=\"hidden\" name=\"item_key\" value=\"\" \/>\n\t\t\t\t<div class=\"frm_verify\" aria-hidden=\"true\">\n\t\t\t\t<label for=\"frm_email_36\">\n\t\t\t\t\tSi vous \u00eates un humain, ne remplissez pas ce champ.\t\t\t\t<\/label>\n\t\t\t\t<input type=\"text\" class=\"frm_verify\" id=\"frm_email_36\" name=\"frm_verify\" value=\"\"  \/>\n\t\t\t<\/div>\n\t\t<span class=\"info\">Les champs marqu\u00e9s d'un ast\u00e9risque (<span class=\"rouge\">*<\/span>) sont obligatoires.\r\nNous traiterons votre inscription dans les plus brefs d\u00e9lais.<\/span><div class=\"frm_submit\">\r\n\r\n<input type=\"submit\" value=\"Inscription\"  \/>\r\n<img decoding=\"async\" class=\"frm_ajax_loading\" src=\"https:\/\/jmkarting.com\/liege\/wp-content\/plugins\/formidable\/images\/ajax_loader.gif\" alt=\"Envoi\" style=\"visibility:hidden;\" \/>\r\n\r\n<\/div><\/div>\n<\/fieldset>\n<\/div>\n<\/form>\n<\/div>\n\n","protected":false},"excerpt":{"rendered":"<p>JMKids LIEGE &#8211; Stage organis\u00e9 du lundi 10 au mercredi 12 ao\u00fbt 2026 Programme Cours de pilotage th\u00e9oriques et pratiques Contr\u00f4le et ma\u00eetrise d\u2019un kart M\u00e9canique de base 4-temps et 2-temps \/ Set-up du kart Apprentissage des r\u00e8glements Informations pratiques 8h45 : Accueil des kids (9h00 D\u00e9but des cours) 12h00 : Pause \u00ab Repas \u00bb [&hellip;]<\/p>\n","protected":false},"author":2,"featured_media":8936,"parent":0,"menu_order":0,"comment_status":"closed","ping_status":"closed","template":"","meta":{"footnotes":""},"class_list":["post-13262","page","type-page","status-publish","has-post-thumbnail","hentry"],"acf":[],"yoast_head":"<!-- This site is optimized with the Yoast SEO Premium plugin v21.7 (Yoast SEO v21.7) - https:\/\/yoast.com\/wordpress\/plugins\/seo\/ -->\n<title>JMKids LIEGE Stage Ao\u00fbt 2026 - JMKARTING Li\u00e8ge<\/title>\n<meta name=\"robots\" content=\"index, follow, max-snippet:-1, max-image-preview:large, max-video-preview:-1\" \/>\n<link rel=\"canonical\" href=\"https:\/\/jmkarting.com\/liege\/jmkids-liege-stage-aout-2026\/\" \/>\n<meta property=\"og:locale\" content=\"fr_FR\" \/>\n<meta property=\"og:type\" content=\"article\" \/>\n<meta property=\"og:title\" content=\"JMKids LIEGE Stage Ao\u00fbt 2026 - JMKARTING Li\u00e8ge\" \/>\n<meta property=\"og:description\" content=\"JMKids LIEGE &#8211; Stage organis\u00e9 du lundi 10 au mercredi 12 ao\u00fbt 2026 Programme Cours de pilotage th\u00e9oriques et pratiques Contr\u00f4le et ma\u00eetrise d\u2019un kart M\u00e9canique de base 4-temps et 2-temps \/ Set-up du kart Apprentissage des r\u00e8glements Informations pratiques 8h45 : Accueil des kids (9h00 D\u00e9but des cours) 12h00 : Pause \u00ab Repas \u00bb [&hellip;]\" \/>\n<meta property=\"og:url\" content=\"https:\/\/jmkarting.com\/liege\/jmkids-liege-stage-aout-2026\/\" \/>\n<meta property=\"og:site_name\" content=\"JMKARTING Li\u00e8ge\" \/>\n<meta property=\"article:modified_time\" content=\"2026-02-13T15:54:06+00:00\" \/>\n<meta property=\"og:image\" content=\"https:\/\/jmkarting.com\/liege\/wp-content\/uploads\/sites\/3\/2023\/06\/20230419TL_Kingsize-JMKARTING_295.jpg\" \/>\n\t<meta property=\"og:image:width\" content=\"2048\" \/>\n\t<meta property=\"og:image:height\" content=\"1365\" \/>\n\t<meta property=\"og:image:type\" content=\"image\/jpeg\" \/>\n<meta name=\"twitter:card\" content=\"summary_large_image\" \/>\n<meta name=\"twitter:label1\" content=\"Dur\u00e9e de lecture estim\u00e9e\" \/>\n\t<meta name=\"twitter:data1\" content=\"2 minutes\" \/>\n<script type=\"application\/ld+json\" class=\"yoast-schema-graph\">{\"@context\":\"https:\/\/schema.org\",\"@graph\":[{\"@type\":\"WebPage\",\"@id\":\"https:\/\/jmkarting.com\/liege\/jmkids-liege-stage-aout-2026\/\",\"url\":\"https:\/\/jmkarting.com\/liege\/jmkids-liege-stage-aout-2026\/\",\"name\":\"JMKids LIEGE Stage Ao\u00fbt 2026 - JMKARTING Li\u00e8ge\",\"isPartOf\":{\"@id\":\"https:\/\/jmkarting.com\/liege\/#website\"},\"datePublished\":\"2024-03-30T14:25:45+00:00\",\"dateModified\":\"2026-02-13T15:54:06+00:00\",\"inLanguage\":\"fr-FR\",\"potentialAction\":[{\"@type\":\"ReadAction\",\"target\":[\"https:\/\/jmkarting.com\/liege\/jmkids-liege-stage-aout-2026\/\"]}]},{\"@type\":\"WebSite\",\"@id\":\"https:\/\/jmkarting.com\/liege\/#website\",\"url\":\"https:\/\/jmkarting.com\/liege\/\",\"name\":\"JMKARTING Li\u00e8ge\",\"description\":\"\",\"publisher\":{\"@id\":\"https:\/\/jmkarting.com\/liege\/#organization\"},\"potentialAction\":[{\"@type\":\"SearchAction\",\"target\":{\"@type\":\"EntryPoint\",\"urlTemplate\":\"https:\/\/jmkarting.com\/liege\/?s={search_term_string}\"},\"query-input\":\"required name=search_term_string\"}],\"inLanguage\":\"fr-FR\"},{\"@type\":\"Organization\",\"@id\":\"https:\/\/jmkarting.com\/liege\/#organization\",\"name\":\"JMKARTING Li\u00e8ge\",\"url\":\"https:\/\/jmkarting.com\/liege\/\",\"logo\":{\"@type\":\"ImageObject\",\"inLanguage\":\"fr-FR\",\"@id\":\"https:\/\/jmkarting.com\/liege\/#\/schema\/logo\/image\/\",\"url\":\"https:\/\/jmkarting.com\/liege\/wp-content\/uploads\/sites\/3\/2023\/04\/logo.svg\",\"contentUrl\":\"https:\/\/jmkarting.com\/liege\/wp-content\/uploads\/sites\/3\/2023\/04\/logo.svg\",\"width\":301,\"height\":209,\"caption\":\"JMKARTING Li\u00e8ge\"},\"image\":{\"@id\":\"https:\/\/jmkarting.com\/liege\/#\/schema\/logo\/image\/\"}}]}<\/script>\n<!-- \/ Yoast SEO Premium plugin. -->","yoast_head_json":{"title":"JMKids LIEGE Stage Ao\u00fbt 2026 - JMKARTING Li\u00e8ge","robots":{"index":"index","follow":"follow","max-snippet":"max-snippet:-1","max-image-preview":"max-image-preview:large","max-video-preview":"max-video-preview:-1"},"canonical":"https:\/\/jmkarting.com\/liege\/jmkids-liege-stage-aout-2026\/","og_locale":"fr_FR","og_type":"article","og_title":"JMKids LIEGE Stage Ao\u00fbt 2026 - JMKARTING Li\u00e8ge","og_description":"JMKids LIEGE &#8211; Stage organis\u00e9 du lundi 10 au mercredi 12 ao\u00fbt 2026 Programme Cours de pilotage th\u00e9oriques et pratiques Contr\u00f4le et ma\u00eetrise d\u2019un kart M\u00e9canique de base 4-temps et 2-temps \/ Set-up du kart Apprentissage des r\u00e8glements Informations pratiques 8h45 : Accueil des kids (9h00 D\u00e9but des cours) 12h00 : Pause \u00ab Repas \u00bb [&hellip;]","og_url":"https:\/\/jmkarting.com\/liege\/jmkids-liege-stage-aout-2026\/","og_site_name":"JMKARTING Li\u00e8ge","article_modified_time":"2026-02-13T15:54:06+00:00","og_image":[{"width":2048,"height":1365,"url":"https:\/\/jmkarting.com\/liege\/wp-content\/uploads\/sites\/3\/2023\/06\/20230419TL_Kingsize-JMKARTING_295.jpg","type":"image\/jpeg"}],"twitter_card":"summary_large_image","twitter_misc":{"Dur\u00e9e de lecture estim\u00e9e":"2 minutes"},"schema":{"@context":"https:\/\/schema.org","@graph":[{"@type":"WebPage","@id":"https:\/\/jmkarting.com\/liege\/jmkids-liege-stage-aout-2026\/","url":"https:\/\/jmkarting.com\/liege\/jmkids-liege-stage-aout-2026\/","name":"JMKids LIEGE Stage Ao\u00fbt 2026 - JMKARTING Li\u00e8ge","isPartOf":{"@id":"https:\/\/jmkarting.com\/liege\/#website"},"datePublished":"2024-03-30T14:25:45+00:00","dateModified":"2026-02-13T15:54:06+00:00","inLanguage":"fr-FR","potentialAction":[{"@type":"ReadAction","target":["https:\/\/jmkarting.com\/liege\/jmkids-liege-stage-aout-2026\/"]}]},{"@type":"WebSite","@id":"https:\/\/jmkarting.com\/liege\/#website","url":"https:\/\/jmkarting.com\/liege\/","name":"JMKARTING Li\u00e8ge","description":"","publisher":{"@id":"https:\/\/jmkarting.com\/liege\/#organization"},"potentialAction":[{"@type":"SearchAction","target":{"@type":"EntryPoint","urlTemplate":"https:\/\/jmkarting.com\/liege\/?s={search_term_string}"},"query-input":"required name=search_term_string"}],"inLanguage":"fr-FR"},{"@type":"Organization","@id":"https:\/\/jmkarting.com\/liege\/#organization","name":"JMKARTING Li\u00e8ge","url":"https:\/\/jmkarting.com\/liege\/","logo":{"@type":"ImageObject","inLanguage":"fr-FR","@id":"https:\/\/jmkarting.com\/liege\/#\/schema\/logo\/image\/","url":"https:\/\/jmkarting.com\/liege\/wp-content\/uploads\/sites\/3\/2023\/04\/logo.svg","contentUrl":"https:\/\/jmkarting.com\/liege\/wp-content\/uploads\/sites\/3\/2023\/04\/logo.svg","width":301,"height":209,"caption":"JMKARTING Li\u00e8ge"},"image":{"@id":"https:\/\/jmkarting.com\/liege\/#\/schema\/logo\/image\/"}}]}},"_links":{"self":[{"href":"https:\/\/jmkarting.com\/liege\/wp-json\/wp\/v2\/pages\/13262"}],"collection":[{"href":"https:\/\/jmkarting.com\/liege\/wp-json\/wp\/v2\/pages"}],"about":[{"href":"https:\/\/jmkarting.com\/liege\/wp-json\/wp\/v2\/types\/page"}],"author":[{"embeddable":true,"href":"https:\/\/jmkarting.com\/liege\/wp-json\/wp\/v2\/users\/2"}],"replies":[{"embeddable":true,"href":"https:\/\/jmkarting.com\/liege\/wp-json\/wp\/v2\/comments?post=13262"}],"version-history":[{"count":10,"href":"https:\/\/jmkarting.com\/liege\/wp-json\/wp\/v2\/pages\/13262\/revisions"}],"predecessor-version":[{"id":13781,"href":"https:\/\/jmkarting.com\/liege\/wp-json\/wp\/v2\/pages\/13262\/revisions\/13781"}],"wp:featuredmedia":[{"embeddable":true,"href":"https:\/\/jmkarting.com\/liege\/wp-json\/wp\/v2\/media\/8936"}],"wp:attachment":[{"href":"https:\/\/jmkarting.com\/liege\/wp-json\/wp\/v2\/media?parent=13262"}],"curies":[{"name":"wp","href":"https:\/\/api.w.org\/{rel}","templated":true}]}}