{"id":12776,"date":"2024-01-02T21:13:38","date_gmt":"2024-01-02T20:13:38","guid":{"rendered":"https:\/\/jmkarting.com\/namur\/?page_id=12776"},"modified":"2026-02-19T18:05:35","modified_gmt":"2026-02-19T17:05:35","slug":"jmkids-namur-stage-mai-2026","status":"publish","type":"page","link":"https:\/\/jmkarting.com\/namur\/jmkids-namur-stage-mai-2026\/","title":{"rendered":"JMKids NAMUR Stage Mai 2026 > COMPLET"},"content":{"rendered":"<p>&nbsp;<\/p>\n<p><span style=\"color: #ff490d;\"><strong>JMKids NAMUR<\/strong><\/span> &#8211; Stage organis\u00e9 du lundi 04\/05 au vendredi 08\/05\/2026 &gt; COMPLET<\/p>\n<p><span style=\"text-decoration: underline;\"><strong>Programme<\/strong><\/span><br \/>\n<u><\/u>Cours de pilotage th\u00e9oriques et pratiques<br \/>\nContr\u00f4le et ma\u00eetrise d\u2019un kart<br \/>\nM\u00e9canique de base 4-temps et 2-temps \/ Set-up du kart<br \/>\nApprentissage des r\u00e8glements<\/p>\n<p><u><strong>Informations pratiques<\/strong><br \/>\n<\/u>8h45 : Accueil des kids (9h00 D\u00e9but des cours)<br \/>\n12h00 : Pause \u00ab Repas \u00bb &gt; Les kids doivent apporter leur pique-nique !<br \/>\n15h15 : Go\u00fbter offert par JMK<br \/>\n16h45 : Fin des activit\u00e9s<\/p>\n<p>Nous demandons aux parents de ne pas se pr\u00e9senter pendant les heures de stage dans notre \u00e9tablissement (celui-ci sera accessible \u00e0 partir de 16h35).<br \/>\nNous invitons les parents, la famille et les amis \u00e0 assister \u00e0 l\u2019\u00e9v\u00e9nement qui cl\u00f4turera le stage le vendredi apr\u00e8s-midi (\u00e0 partir de 13h45).<\/p>\n<p><strong><u>Inscription \/ Tarif<\/u><\/strong><\/p>\n<p>1) Bulletin d\u2019inscription \u00e0\u00a0 compl\u00e9ter par le(s) parent(s) : Voir ci-dessous.<br \/>\n2) Virement de 340,00 EUR \u00e0 verser sur notre compte bancaire.<br \/>\nJMKARTING S.A. : BE77 0682 2674 8742 \u2013 Veuillez indiquer la mention suivante : \u00ab Nom du pilote \u00bb + \u00ab Stage Mai 2026 \u00bb<\/p>\n<p>Inscription + Paiement = Participation valid\u00e9e.<br \/>\nPaiement indispensable pour confirmer la participation. Paiement unique (pas de paiement fractionn\u00e9).<\/p>\n<p><strong><u>Remarque<br \/>\n<\/u><\/strong>Nombre maximum de participants au stage : 28 enfants.<\/p>\n<hr \/>\n<h4>BULLETIN D&rsquo;INSCRIPTION<\/h4>\n<p>COMPLET<\/p>\n","protected":false},"excerpt":{"rendered":"<p>&nbsp; JMKids NAMUR &#8211; Stage organis\u00e9 du lundi 04\/05 au vendredi 08\/05\/2026 &gt; COMPLET Programme Cours de pilotage th\u00e9oriques et pratiques Contr\u00f4le et ma\u00eetrise d\u2019un kart M\u00e9canique de base 4-temps et 2-temps \/ Set-up du kart Apprentissage des r\u00e8glements Informations pratiques 8h45 : Accueil des kids (9h00 D\u00e9but des cours) 12h00 : Pause \u00ab Repas [&hellip;]<\/p>\n","protected":false},"author":1,"featured_media":12709,"parent":0,"menu_order":0,"comment_status":"closed","ping_status":"closed","template":"","meta":{"footnotes":""},"class_list":["post-12776","page","type-page","status-publish","has-post-thumbnail","hentry"],"acf":[],"yoast_head":"<!-- This site is optimized with the Yoast SEO Premium plugin v21.7 (Yoast SEO v21.7) - https:\/\/yoast.com\/wordpress\/plugins\/seo\/ -->\n<title>JMKids NAMUR Stage Mai 2026 &gt; COMPLET - JMKARTING Namur<\/title>\n<meta name=\"robots\" content=\"index, follow, max-snippet:-1, max-image-preview:large, max-video-preview:-1\" \/>\n<link rel=\"canonical\" href=\"https:\/\/jmkarting.com\/namur\/jmkids-namur-stage-mai-2026\/\" \/>\n<meta property=\"og:locale\" content=\"fr_FR\" \/>\n<meta property=\"og:type\" content=\"article\" \/>\n<meta property=\"og:title\" content=\"JMKids NAMUR Stage Mai 2026 &gt; COMPLET - JMKARTING Namur\" \/>\n<meta property=\"og:description\" content=\"&nbsp; JMKids NAMUR &#8211; Stage organis\u00e9 du lundi 04\/05 au vendredi 08\/05\/2026 &gt; COMPLET Programme Cours de pilotage th\u00e9oriques et pratiques Contr\u00f4le et ma\u00eetrise d\u2019un kart M\u00e9canique de base 4-temps et 2-temps \/ Set-up du kart Apprentissage des r\u00e8glements Informations pratiques 8h45 : Accueil des kids (9h00 D\u00e9but des cours) 12h00 : Pause \u00ab Repas [&hellip;]\" \/>\n<meta property=\"og:url\" content=\"https:\/\/jmkarting.com\/namur\/jmkids-namur-stage-mai-2026\/\" \/>\n<meta property=\"og:site_name\" content=\"JMKARTING Namur\" \/>\n<meta property=\"article:modified_time\" content=\"2026-02-19T17:05:35+00:00\" \/>\n<meta property=\"og:image\" content=\"https:\/\/jmkarting.com\/namur\/wp-content\/uploads\/sites\/2\/2023\/12\/20230419TL_Kingsize-JMKARTING_289.jpg\" \/>\n\t<meta property=\"og:image:width\" content=\"2048\" \/>\n\t<meta property=\"og:image:height\" content=\"1365\" \/>\n\t<meta property=\"og:image:type\" content=\"image\/jpeg\" \/>\n<meta name=\"twitter:card\" content=\"summary_large_image\" \/>\n<meta name=\"twitter:label1\" content=\"Dur\u00e9e de lecture estim\u00e9e\" \/>\n\t<meta name=\"twitter:data1\" content=\"2 minutes\" \/>\n<script type=\"application\/ld+json\" class=\"yoast-schema-graph\">{\"@context\":\"https:\/\/schema.org\",\"@graph\":[{\"@type\":\"WebPage\",\"@id\":\"https:\/\/jmkarting.com\/namur\/jmkids-namur-stage-mai-2026\/\",\"url\":\"https:\/\/jmkarting.com\/namur\/jmkids-namur-stage-mai-2026\/\",\"name\":\"JMKids NAMUR Stage Mai 2026 > COMPLET - JMKARTING Namur\",\"isPartOf\":{\"@id\":\"https:\/\/jmkarting.com\/namur\/#website\"},\"datePublished\":\"2024-01-02T20:13:38+00:00\",\"dateModified\":\"2026-02-19T17:05:35+00:00\",\"inLanguage\":\"fr-FR\",\"potentialAction\":[{\"@type\":\"ReadAction\",\"target\":[\"https:\/\/jmkarting.com\/namur\/jmkids-namur-stage-mai-2026\/\"]}]},{\"@type\":\"WebSite\",\"@id\":\"https:\/\/jmkarting.com\/namur\/#website\",\"url\":\"https:\/\/jmkarting.com\/namur\/\",\"name\":\"JMKARTING Namur\",\"description\":\"\",\"publisher\":{\"@id\":\"https:\/\/jmkarting.com\/namur\/#organization\"},\"potentialAction\":[{\"@type\":\"SearchAction\",\"target\":{\"@type\":\"EntryPoint\",\"urlTemplate\":\"https:\/\/jmkarting.com\/namur\/?s={search_term_string}\"},\"query-input\":\"required name=search_term_string\"}],\"inLanguage\":\"fr-FR\"},{\"@type\":\"Organization\",\"@id\":\"https:\/\/jmkarting.com\/namur\/#organization\",\"name\":\"JMKARTING Namur\",\"url\":\"https:\/\/jmkarting.com\/namur\/\",\"logo\":{\"@type\":\"ImageObject\",\"inLanguage\":\"fr-FR\",\"@id\":\"https:\/\/jmkarting.com\/namur\/#\/schema\/logo\/image\/\",\"url\":\"https:\/\/jmkarting.com\/namur\/wp-content\/uploads\/sites\/2\/2023\/04\/logo.svg\",\"contentUrl\":\"https:\/\/jmkarting.com\/namur\/wp-content\/uploads\/sites\/2\/2023\/04\/logo.svg\",\"width\":301,\"height\":209,\"caption\":\"JMKARTING Namur\"},\"image\":{\"@id\":\"https:\/\/jmkarting.com\/namur\/#\/schema\/logo\/image\/\"}}]}<\/script>\n<!-- \/ Yoast SEO Premium plugin. -->","yoast_head_json":{"title":"JMKids NAMUR Stage Mai 2026 > COMPLET - JMKARTING Namur","robots":{"index":"index","follow":"follow","max-snippet":"max-snippet:-1","max-image-preview":"max-image-preview:large","max-video-preview":"max-video-preview:-1"},"canonical":"https:\/\/jmkarting.com\/namur\/jmkids-namur-stage-mai-2026\/","og_locale":"fr_FR","og_type":"article","og_title":"JMKids NAMUR Stage Mai 2026 > COMPLET - JMKARTING Namur","og_description":"&nbsp; JMKids NAMUR &#8211; Stage organis\u00e9 du lundi 04\/05 au vendredi 08\/05\/2026 &gt; COMPLET Programme Cours de pilotage th\u00e9oriques et pratiques Contr\u00f4le et ma\u00eetrise d\u2019un kart M\u00e9canique de base 4-temps et 2-temps \/ Set-up du kart Apprentissage des r\u00e8glements Informations pratiques 8h45 : Accueil des kids (9h00 D\u00e9but des cours) 12h00 : Pause \u00ab Repas [&hellip;]","og_url":"https:\/\/jmkarting.com\/namur\/jmkids-namur-stage-mai-2026\/","og_site_name":"JMKARTING Namur","article_modified_time":"2026-02-19T17:05:35+00:00","og_image":[{"width":2048,"height":1365,"url":"https:\/\/jmkarting.com\/namur\/wp-content\/uploads\/sites\/2\/2023\/12\/20230419TL_Kingsize-JMKARTING_289.jpg","type":"image\/jpeg"}],"twitter_card":"summary_large_image","twitter_misc":{"Dur\u00e9e de lecture estim\u00e9e":"2 minutes"},"schema":{"@context":"https:\/\/schema.org","@graph":[{"@type":"WebPage","@id":"https:\/\/jmkarting.com\/namur\/jmkids-namur-stage-mai-2026\/","url":"https:\/\/jmkarting.com\/namur\/jmkids-namur-stage-mai-2026\/","name":"JMKids NAMUR Stage Mai 2026 > COMPLET - JMKARTING Namur","isPartOf":{"@id":"https:\/\/jmkarting.com\/namur\/#website"},"datePublished":"2024-01-02T20:13:38+00:00","dateModified":"2026-02-19T17:05:35+00:00","inLanguage":"fr-FR","potentialAction":[{"@type":"ReadAction","target":["https:\/\/jmkarting.com\/namur\/jmkids-namur-stage-mai-2026\/"]}]},{"@type":"WebSite","@id":"https:\/\/jmkarting.com\/namur\/#website","url":"https:\/\/jmkarting.com\/namur\/","name":"JMKARTING Namur","description":"","publisher":{"@id":"https:\/\/jmkarting.com\/namur\/#organization"},"potentialAction":[{"@type":"SearchAction","target":{"@type":"EntryPoint","urlTemplate":"https:\/\/jmkarting.com\/namur\/?s={search_term_string}"},"query-input":"required name=search_term_string"}],"inLanguage":"fr-FR"},{"@type":"Organization","@id":"https:\/\/jmkarting.com\/namur\/#organization","name":"JMKARTING Namur","url":"https:\/\/jmkarting.com\/namur\/","logo":{"@type":"ImageObject","inLanguage":"fr-FR","@id":"https:\/\/jmkarting.com\/namur\/#\/schema\/logo\/image\/","url":"https:\/\/jmkarting.com\/namur\/wp-content\/uploads\/sites\/2\/2023\/04\/logo.svg","contentUrl":"https:\/\/jmkarting.com\/namur\/wp-content\/uploads\/sites\/2\/2023\/04\/logo.svg","width":301,"height":209,"caption":"JMKARTING Namur"},"image":{"@id":"https:\/\/jmkarting.com\/namur\/#\/schema\/logo\/image\/"}}]}},"_links":{"self":[{"href":"https:\/\/jmkarting.com\/namur\/wp-json\/wp\/v2\/pages\/12776"}],"collection":[{"href":"https:\/\/jmkarting.com\/namur\/wp-json\/wp\/v2\/pages"}],"about":[{"href":"https:\/\/jmkarting.com\/namur\/wp-json\/wp\/v2\/types\/page"}],"author":[{"embeddable":true,"href":"https:\/\/jmkarting.com\/namur\/wp-json\/wp\/v2\/users\/1"}],"replies":[{"embeddable":true,"href":"https:\/\/jmkarting.com\/namur\/wp-json\/wp\/v2\/comments?post=12776"}],"version-history":[{"count":9,"href":"https:\/\/jmkarting.com\/namur\/wp-json\/wp\/v2\/pages\/12776\/revisions"}],"predecessor-version":[{"id":13830,"href":"https:\/\/jmkarting.com\/namur\/wp-json\/wp\/v2\/pages\/12776\/revisions\/13830"}],"wp:featuredmedia":[{"embeddable":true,"href":"https:\/\/jmkarting.com\/namur\/wp-json\/wp\/v2\/media\/12709"}],"wp:attachment":[{"href":"https:\/\/jmkarting.com\/namur\/wp-json\/wp\/v2\/media?parent=12776"}],"curies":[{"name":"wp","href":"https:\/\/api.w.org\/{rel}","templated":true}]}}