{"id":6,"date":"2023-04-17T15:36:12","date_gmt":"2023-04-17T13:36:12","guid":{"rendered":"https:\/\/jmkarting.com\/namur\/?page_id=6"},"modified":"2026-04-21T16:06:46","modified_gmt":"2026-04-21T14:06:46","slug":"accueil","status":"publish","type":"page","link":"https:\/\/jmkarting.com\/namur\/","title":{"rendered":"Accueil"},"content":{"rendered":"","protected":false},"excerpt":{"rendered":"","protected":false},"author":1,"featured_media":0,"parent":0,"menu_order":0,"comment_status":"closed","ping_status":"closed","template":"template-home.php","meta":{"footnotes":""},"class_list":["post-6","page","type-page","status-publish","hentry"],"acf":[],"yoast_head":"<!-- This site is optimized with the Yoast SEO Premium plugin v21.7 (Yoast SEO v21.7) - https:\/\/yoast.com\/wordpress\/plugins\/seo\/ -->\n<title>JMKARTING Namur<\/title>\n<meta name=\"description\" content=\"JMKarting : 2 circuits indoor avec trac\u00e9s Formule 1 con\u00e7us pour vous d\u00e9passer - et vous surpasser - en toute s\u00e9curit\u00e9. Depuis plus de 27 ans, JMKarting vous accueille \u00e0 Namur... et depuis plus de 20 ans, nous vous accueillons dans de toutes nouvelles installations \u00e0 Li\u00e8ge. De la location des karts par 1\/4h \u00e0 l&#039;organisation de Team Building d&#039;entreprise, John Martin&#039;s Karting se plie en quatre pour vous satisfaire. Bienvenu dans le monde des sports moteurs accessibles \u00e0 toutes et \u00e0 tous.\" \/>\n<meta name=\"robots\" content=\"index, follow, max-snippet:-1, max-image-preview:large, max-video-preview:-1\" \/>\n<link rel=\"canonical\" href=\"https:\/\/jmkarting.com\/namur\/\" \/>\n<meta property=\"og:locale\" content=\"fr_FR\" \/>\n<meta property=\"og:type\" content=\"article\" \/>\n<meta property=\"og:title\" content=\"JMKARTING Namur\" \/>\n<meta property=\"og:description\" content=\"JMKarting : 2 circuits indoor avec trac\u00e9s Formule 1 con\u00e7us pour vous d\u00e9passer - et vous surpasser - en toute s\u00e9curit\u00e9. Depuis plus de 27 ans, JMKarting vous accueille \u00e0 Namur... et depuis plus de 20 ans, nous vous accueillons dans de toutes nouvelles installations \u00e0 Li\u00e8ge. De la location des karts par 1\/4h \u00e0 l&#039;organisation de Team Building d&#039;entreprise, John Martin&#039;s Karting se plie en quatre pour vous satisfaire. Bienvenu dans le monde des sports moteurs accessibles \u00e0 toutes et \u00e0 tous.\" \/>\n<meta property=\"og:url\" content=\"https:\/\/jmkarting.com\/namur\/\" \/>\n<meta property=\"og:site_name\" content=\"JMKARTING Namur\" \/>\n<meta property=\"article:modified_time\" content=\"2026-04-21T14:06:46+00:00\" \/>\n<meta name=\"twitter:card\" content=\"summary_large_image\" \/>\n<script type=\"application\/ld+json\" class=\"yoast-schema-graph\">{\"@context\":\"https:\/\/schema.org\",\"@graph\":[{\"@type\":\"WebPage\",\"@id\":\"https:\/\/jmkarting.com\/namur\/\",\"url\":\"https:\/\/jmkarting.com\/namur\/\",\"name\":\"JMKARTING Namur\",\"isPartOf\":{\"@id\":\"https:\/\/jmkarting.com\/namur\/#website\"},\"datePublished\":\"2023-04-17T13:36:12+00:00\",\"dateModified\":\"2026-04-21T14:06:46+00:00\",\"description\":\"JMKarting : 2 circuits indoor avec trac\u00e9s Formule 1 con\u00e7us pour vous d\u00e9passer - et vous surpasser - en toute s\u00e9curit\u00e9. Depuis plus de 27 ans, JMKarting vous accueille \u00e0 Namur... et depuis plus de 20 ans, nous vous accueillons dans de toutes nouvelles installations \u00e0 Li\u00e8ge. De la location des karts par 1\/4h \u00e0 l'organisation de Team Building d'entreprise, John Martin's Karting se plie en quatre pour vous satisfaire. Bienvenu dans le monde des sports moteurs accessibles \u00e0 toutes et \u00e0 tous.\",\"inLanguage\":\"fr-FR\",\"potentialAction\":[{\"@type\":\"ReadAction\",\"target\":[\"https:\/\/jmkarting.com\/namur\/\"]}]},{\"@type\":\"WebSite\",\"@id\":\"https:\/\/jmkarting.com\/namur\/#website\",\"url\":\"https:\/\/jmkarting.com\/namur\/\",\"name\":\"JMKARTING Namur\",\"description\":\"\",\"publisher\":{\"@id\":\"https:\/\/jmkarting.com\/namur\/#organization\"},\"potentialAction\":[{\"@type\":\"SearchAction\",\"target\":{\"@type\":\"EntryPoint\",\"urlTemplate\":\"https:\/\/jmkarting.com\/namur\/?s={search_term_string}\"},\"query-input\":\"required name=search_term_string\"}],\"inLanguage\":\"fr-FR\"},{\"@type\":\"Organization\",\"@id\":\"https:\/\/jmkarting.com\/namur\/#organization\",\"name\":\"JMKARTING Namur\",\"url\":\"https:\/\/jmkarting.com\/namur\/\",\"logo\":{\"@type\":\"ImageObject\",\"inLanguage\":\"fr-FR\",\"@id\":\"https:\/\/jmkarting.com\/namur\/#\/schema\/logo\/image\/\",\"url\":\"https:\/\/jmkarting.com\/namur\/wp-content\/uploads\/sites\/2\/2023\/04\/logo.svg\",\"contentUrl\":\"https:\/\/jmkarting.com\/namur\/wp-content\/uploads\/sites\/2\/2023\/04\/logo.svg\",\"width\":301,\"height\":209,\"caption\":\"JMKARTING Namur\"},\"image\":{\"@id\":\"https:\/\/jmkarting.com\/namur\/#\/schema\/logo\/image\/\"}}]}<\/script>\n<!-- \/ Yoast SEO Premium plugin. -->","yoast_head_json":{"title":"JMKARTING Namur","description":"JMKarting : 2 circuits indoor avec trac\u00e9s Formule 1 con\u00e7us pour vous d\u00e9passer - et vous surpasser - en toute s\u00e9curit\u00e9. Depuis plus de 27 ans, JMKarting vous accueille \u00e0 Namur... et depuis plus de 20 ans, nous vous accueillons dans de toutes nouvelles installations \u00e0 Li\u00e8ge. De la location des karts par 1\/4h \u00e0 l'organisation de Team Building d'entreprise, John Martin's Karting se plie en quatre pour vous satisfaire. Bienvenu dans le monde des sports moteurs accessibles \u00e0 toutes et \u00e0 tous.","robots":{"index":"index","follow":"follow","max-snippet":"max-snippet:-1","max-image-preview":"max-image-preview:large","max-video-preview":"max-video-preview:-1"},"canonical":"https:\/\/jmkarting.com\/namur\/","og_locale":"fr_FR","og_type":"article","og_title":"JMKARTING Namur","og_description":"JMKarting : 2 circuits indoor avec trac\u00e9s Formule 1 con\u00e7us pour vous d\u00e9passer - et vous surpasser - en toute s\u00e9curit\u00e9. Depuis plus de 27 ans, JMKarting vous accueille \u00e0 Namur... et depuis plus de 20 ans, nous vous accueillons dans de toutes nouvelles installations \u00e0 Li\u00e8ge. De la location des karts par 1\/4h \u00e0 l'organisation de Team Building d'entreprise, John Martin's Karting se plie en quatre pour vous satisfaire. Bienvenu dans le monde des sports moteurs accessibles \u00e0 toutes et \u00e0 tous.","og_url":"https:\/\/jmkarting.com\/namur\/","og_site_name":"JMKARTING Namur","article_modified_time":"2026-04-21T14:06:46+00:00","twitter_card":"summary_large_image","schema":{"@context":"https:\/\/schema.org","@graph":[{"@type":"WebPage","@id":"https:\/\/jmkarting.com\/namur\/","url":"https:\/\/jmkarting.com\/namur\/","name":"JMKARTING Namur","isPartOf":{"@id":"https:\/\/jmkarting.com\/namur\/#website"},"datePublished":"2023-04-17T13:36:12+00:00","dateModified":"2026-04-21T14:06:46+00:00","description":"JMKarting : 2 circuits indoor avec trac\u00e9s Formule 1 con\u00e7us pour vous d\u00e9passer - et vous surpasser - en toute s\u00e9curit\u00e9. Depuis plus de 27 ans, JMKarting vous accueille \u00e0 Namur... et depuis plus de 20 ans, nous vous accueillons dans de toutes nouvelles installations \u00e0 Li\u00e8ge. De la location des karts par 1\/4h \u00e0 l'organisation de Team Building d'entreprise, John Martin's Karting se plie en quatre pour vous satisfaire. Bienvenu dans le monde des sports moteurs accessibles \u00e0 toutes et \u00e0 tous.","inLanguage":"fr-FR","potentialAction":[{"@type":"ReadAction","target":["https:\/\/jmkarting.com\/namur\/"]}]},{"@type":"WebSite","@id":"https:\/\/jmkarting.com\/namur\/#website","url":"https:\/\/jmkarting.com\/namur\/","name":"JMKARTING Namur","description":"","publisher":{"@id":"https:\/\/jmkarting.com\/namur\/#organization"},"potentialAction":[{"@type":"SearchAction","target":{"@type":"EntryPoint","urlTemplate":"https:\/\/jmkarting.com\/namur\/?s={search_term_string}"},"query-input":"required name=search_term_string"}],"inLanguage":"fr-FR"},{"@type":"Organization","@id":"https:\/\/jmkarting.com\/namur\/#organization","name":"JMKARTING Namur","url":"https:\/\/jmkarting.com\/namur\/","logo":{"@type":"ImageObject","inLanguage":"fr-FR","@id":"https:\/\/jmkarting.com\/namur\/#\/schema\/logo\/image\/","url":"https:\/\/jmkarting.com\/namur\/wp-content\/uploads\/sites\/2\/2023\/04\/logo.svg","contentUrl":"https:\/\/jmkarting.com\/namur\/wp-content\/uploads\/sites\/2\/2023\/04\/logo.svg","width":301,"height":209,"caption":"JMKARTING Namur"},"image":{"@id":"https:\/\/jmkarting.com\/namur\/#\/schema\/logo\/image\/"}}]}},"_links":{"self":[{"href":"https:\/\/jmkarting.com\/namur\/wp-json\/wp\/v2\/pages\/6"}],"collection":[{"href":"https:\/\/jmkarting.com\/namur\/wp-json\/wp\/v2\/pages"}],"about":[{"href":"https:\/\/jmkarting.com\/namur\/wp-json\/wp\/v2\/types\/page"}],"author":[{"embeddable":true,"href":"https:\/\/jmkarting.com\/namur\/wp-json\/wp\/v2\/users\/1"}],"replies":[{"embeddable":true,"href":"https:\/\/jmkarting.com\/namur\/wp-json\/wp\/v2\/comments?post=6"}],"version-history":[{"count":24,"href":"https:\/\/jmkarting.com\/namur\/wp-json\/wp\/v2\/pages\/6\/revisions"}],"predecessor-version":[{"id":13911,"href":"https:\/\/jmkarting.com\/namur\/wp-json\/wp\/v2\/pages\/6\/revisions\/13911"}],"wp:attachment":[{"href":"https:\/\/jmkarting.com\/namur\/wp-json\/wp\/v2\/media?parent=6"}],"curies":[{"name":"wp","href":"https:\/\/api.w.org\/{rel}","templated":true}]}}